*2 + 2694*w - 19732. What is n(32)?
-84
Let p(c) = -c**2 - 85*c + 3313. What is p(-114)?
7
Let y(g) = 723*g**3 + 4*g**2 + 57*g + 59. What is y(-1)?
-717
Let y(c) = -5*c**2 + 4775*c + 127544. Determine y(-26).
14
Let n(i) = -2*i**3 + 12*i**2 - 31734*i + 222168. Calculate n(7).
-68
Let f(g) = 54533*g - 545409. Determine f(10).
-79
Let d(r) = -7563*r - 801945. Calculate d(-106).
-267
Let h(j) = -2*j**2 - 217*j - 5658. Give h(-66).
-48
Let n(q) = -93*q**2 + 40074*q + 3909. Give n(431).
30
Let p(f) = f**3 + 27*f**2 - 798*f + 205. Give p(-45).
-335
Let q(z) = 8*z**3 - 23*z**2 - 543*z + 1624. What is q(3)?
4
Let s(g) = 90832*g - 544734. Calculate s(6).
258
Let o(k) = 7*k**2 - 576*k - 282751. Give o(-164).
-15
Let y(p) = -80*p - 2064. Calculate y(-16).
-784
Let r(b) = 2*b**2 - 91*b - 1011. Give r(-17).
1114
Let q(o) = 10*o**2 + 9247*o + 15863. Give q(-923).
172
Let p(i) = -i**3 + 16*i**2 + 32*i + 40. Give p(13).
963
Let h(a) = a**2 - 76*a + 547. Determine h(30).
-833
Let n(i) = -20*i**3 - 1890*i**2 + 946*i - 354. Determine n(-95).
26
Let o(h) = 2*h**2 - 122*h + 1609. Give o(15).
229
Let c(r) = -242259*r + 242269. Determine c(1).
10
Let x(l) = -l**3 + 23*l**2 + 1088*l - 25012. Give x(23).
12
Let n(k) = k**2 + 126*k + 4560. Give n(-53).
691
Let u(w) = 2354*w + 47405. Calculate u(-20).
325
Let w(o) = 5*o**3 - 2179*o**2 - 447*o + 4712. Determine w(436).
-84
Let v(i) = 169821*i + 24793878. What is v(-146)?
12
Let b(j) = 128*j**2 + 165*j - 211. Calculate b(5).
3814
Let i(n) = -36829*n + 74134. What is i(2)?
476
Let m(n) = -2*n**2 + 51*n + 426. Give m(29).
223
Let s(n) = -n**3 + 47*n**2 - 731*n + 37424. Give s(48).
32
Let i(h) = 7*h**2 + 2505*h + 12542. Give i(-5).
192
Let c(x) = -x**2 + 874*x + 506056. Calculate c(-398).
-200
Let z(l) = -991*l - 3954. What is z(-4)?
10
Let u(a) = 5*a + 281. What is u(-15)?
206
Let j(m) = -m**3 + 50*m**2 - 30*m - 2487. What is j(48)?
681
Let d(j) = 13*j**2 - 256*j - 3711. Determine d(30).
309
Let l(p) = -8535*p + 247520. Calculate l(29).
5
Let a(o) = -1544*o + 143546. What is a(95)?
-3134
Let u(s) = -61*s**2 - 18661*s + 1453. Give u(-306).
-77
Let s(w) = 566*w + 2809. Give s(-5).
-21
Let w(i) = 53*i**2 - 3331*i - 11026. Determine w(66).
-4
Let q(j) = 15*j**3 + 241*j**2 + 37*j + 147. Calculate q(-16).
-189
Let t(i) = i**3 + 31*i**2 - 183*i + 208. Calculate t(-37).
-1235
Let y(v) = -v**2 - 292*v + 3811. What is y(-304)?
163
Let k(o) = -16*o - 906. What is k(-77)?
326
Let x(r) = 39185*r - 2351209. Give x(60).
-109
Let b(w) = -w**2 + 11926*w - 107249. Determine b(9).
4
Let a(l) = -1025*l - 135308. Determine a(-132).
-8
Let j(a) = 5*a**3 - 523*a**2 + 1333*a - 721. What is j(102)?
-7
Let r(h) = -15933*h + 111177. Determine r(7).
-354
Let y(n) = 3*n**2 + 2294*n + 95137. What is y(-44)?
9
Let h(j) = -j**2 + 3654*j - 21912. Determine h(6).
-24
Let z(o) = -4281*o + 232. Give z(0).
232
Let a(m) = 2634*m**2 - 18482*m + 303. Calculate a(7).
-5
Let a(x) = -x**3 + 247*x**2 - 1441*x - 1177. Calculate a(241).
28
Let s(n) = 1922*n - 205216. Determine s(107).
438
Let d(z) = 2997*z + 38810. What is d(-13)?
-151
Let v(c) = 2490*c**2 - 19945*c + 89. Give v(8).
-111
Let y(z) = z**3 + 21*z**2 + 101*z + 251. What is y(-16)?
-85
Let h(b) = -b**2 + 140*b + 3658. Give h(151).
1997
Let x(m) = -4*m**3 - 369*m**2 - 3657*m - 804. Determine x(-81).
168
Let w(o) = -12*o**3 + 748*o**2 - 266*o + 1110. What is w(62)?
-6
Let u(h) = -50*h**2 + 2112*h - 8121. Give u(38).
-65
Let c(x) = x**3 - 26*x**2 + 52*x + 1349. Determine c(12).
-43
Let q(p) = -p**3 - 5*p**2 - 622*p - 134. Give q(0).
-134
Let w(p) = -490*p**2 + 6848*p + 121. What is w(14)?
-47
Let h(c) = 312*c**2 - 2211*c + 27. Calculate h(7).
-162
Let i(g) = -31*g**2 + 13156*g - 4241. Determine i(424).
847
Let m(v) = -v**3 + 104*v**2 - 2696*v - 274. Calculate m(53).
97
Let a(b) = 10819*b + 21656. What is a(-2)?
18
Let d(y) = 8*y**2 + 8*y - 1504. Calculate d(-15).
176
Let a(w) = -2*w**2 - 3557*w + 82585. Calculate a(23).
-284
Let x(u) = 10403*u + 93385. Determine x(-9).
-242
Let w(m) = -183*m - 54. Give w(-11).
1959
Let y(c) = 10*c**3 + 10452*c - 10452. What is y(1)?
10
Let s(i) = -1052*i - 25221. Calculate s(-24).
27
Let w(i) = i**3 + 215*i**2 - 3437*i + 2982. Calculate w(-230).
-8
Let t(w) = 23539*w + 188321. Give t(-8).
9
Let b(x) = x**3 + 14*x**2 + 72*x + 139. What is b(-13)?
-628
Let t(x) = -2*x**3 - 104*x**2 + 1675*x + 87098. What is t(-52)?
-2
Let v(n) = 5*n**2 - 120122*n + 240238. What is v(2)?
14
Let d(l) = -23000*l + 2644981. Determine d(115).
-19
Let p(u) = -1078*u + 18098. Give p(17).
-228
Let u(y) = 2*y**3 + 112*y**2 - 371*y + 82. Calculate u(-59).
1085
Let k(f) = -499579*f + 3497062. Determine k(7).
9
Let j(t) = 17936*t + 179428. What is j(-10)?
68
Let z(i) = 49*i**2 + 212*i - 1043. Give z(3).
34
Let k(j) = j**2 - 26*j + 66. What is k(35)?
381
Let x(t) = -9*t**2 - 3760*t + 108101. Determine x(27).
20
Let x(z) = 397*z - 12. Calculate x(0).
-12
Let f(i) = i**3 + 71*i**2 - 1540*i + 750. What is f(17)?
2
Let f(a) = 9132*a + 73042. What is f(-8)?
-14
Let h(x) = 2*x**2 - 186594*x - 10829191. What is h(-58)?
-11
Let q(i) = 5*i**3 + 138*i**2 + 76*i - 182. Calculate q(-27).
-47
Let z(s) = 123*s**2 + 4*s + 4. What is z(-2)?
488
Let v(k) = -412687*k + 1650755. Determine v(4).
7
Let m(r) = 2*r**3 + 4*r**2 - 119*r + 268. Calculate m(4).
-16
Let l(y) = -796*y - 506263. Determine l(-636).
-7
Let f(a) = -a**2 + 90*a + 6080. Calculate f(136).
-176
Let s(p) = p**3 - 16*p**2 - 760*p - 1343. Calculate s(37).
-714
Let a(d) = 18177*d - 126160. Determine a(7).
1079
Let r(q) = 133*q - 7879. What is r(61)?
234
Let f(w) = 2*w**3 - 959*w**2 - 13792*w + 369. Give f(-14).
5
Let y(l) = 2*l**2 - 564976*l - 15255808. What is y(-27)?
2
Let y(d) = -43513*d + 217575. Calculate y(5).
10
Let x(z) = -4929*z - 39898. Give x(-8).
-466
Let q(n) = -5*n**2 - 159*n + 1270. Give q(-41).
-616
Let s(q) = -3*q**2 + 12419*q + 99431. Determine s(-8).
-113
Let k(o) = o**3 + 55*o**2 + 242*o + 265. What is k(-50)?
665
Let m(p) = 8*p**2 - 173*p - 46. Calculate m(24).
410
Let z(h) = 2*h**3 - 166*h**2 - 6213*h + 88. Determine z(-28).
4
Let t(p) = -67397*p + 4313358. Calculate t(64).
-50
Let t(z) = -12689*z - 228163. Calculate t(-18).
239
Let y(w) = 2*w**3 - 709*w**2 + 332*w + 7780. What is y(354)?
-8
Let h(p) = -p**3 - 110*p**2 + 1478*p + 1591. Calculate h(-122).
-117
Let s(v) = -80*v**3 + 4157*v**2 + 157*v - 53. Calculate s(52).
-1
Let u(t) = 20514*t - 3118137. Calculate u(152).
-9
Let z(s) = 545081*s + 12536861. Determine z(-23).
-2
Let c(i) = 2*i**2 - 141*i - 23929. What is c(149)?
-536
Let b(o) = 35*o**2 - 60*o + 29. What is b(3)?
164
Let x(s) = -s**3 + 122*s**2 + 2372*s - 1574. What is x(139)?
-323
Let m(n) = -18893*n + 4156460. Give m(220).
0
Let l(j) = j**2 + 11742*j - 1339605. What is l(113)?
10
Let i(q) = q**3 + 55*q**2 + 685*q + 58. Determine i(-19).
39
Let p(g) = -194*g + 21174. Determine p(109).
28
Let n(x) = 9575*x**2 + 421300*x + 1. Give n(-44).
1
Let l(w) = 1373*w - 17472. Give l(13).
377
Let w(m) = -218*m**3 + m**2 + 2. Give w(1).
-215
Let y(k) = -k**3 + 27*k**2 - 104*k + 2161. Determine y(23).
1885
Let l(b) = b**2 + 100*b - 5998. Give l(42).
-34
Let c(t) = -590*t - 1588. Determine c(-2).
-408
Let u(b) = -459720*b - 12872164. Determine u(-28).
-4
Let w(j) = -168*j**2 - 5878*j + 55. Determine w(-35).
-15
Let s(c) = -c**3 - 12*c**2 + 165*c + 31. Calculate s(-18).
-995
Let j(d) = d**2 + 873*d + 58879. What is j(-74)?
-247
Let j(h) = 117102*h + 1756638. Calculate j(-15).
108
Let t(r) = -2*r**2 + 310*r + 8583. What is t(-24)?
-9
Let p(v) = -v**3 + 224*v**2 - 980*v + 499. Determine p(4).
99
Let d(l) = 2*l**2 + 1027*l + 15411. What is d(-498)?
-27
Let t(j) = -752669*j - 24838075. What is t(-33)?
2
Let j(y) = 6*y**2 + 15667*y + 156067. Determine j(-10).
-3
Let h(v) = -v**3 + 24*v**2 - 54*v + 523. Determine h(23).
-190
Let h(k) = 3*k**3 - 152*k**2 + 400*k + 27. Calculate h(48).
795
Let c(u) = 126*u**2 - 1845*u + 1149. Give c(14).
15
Let i(g) = 3*g**2 - 266*g + 1975. Calculate i(78).
-521
Let w(m) = 38*m**2 + 844*m + 3383. What is w(-4)?
615
Let t(o) = -37810*o + 3176034. Give t(84).
-6
Let q(j) = -2*j**2 + 1741*j - 12125. Calculate q(7).
-36
Let m(h) = 2*h**3 - 91*h**2 - 144*h - 74. Calculate m(47).
-215
Let z(h) = h**3 - 84*h**2 + 838*h + 